3 - 3). Let t(j) = -9*j**3 - 5 + 7*j**b + 4*j**2 + j**3 + 2*j. Let u be t(4). What is the highest common factor of u and 2?
1
Let y = 78 + 37. Suppose 6*p = 409 - y. Calculate the greatest common divisor of 49 and p.
49
Suppose -18*t + 3*j = -13*t - 1545, 0 = -3*t + 3*j + 927. What is the greatest common divisor of 515 and t?
103
Let y = 282 - 577. Let m = y - -415. What is the greatest common factor of 15 and m?
15
Suppose 26 = 79*r - 76*r - 2*x, 2*r = -x + 15. Calculate the greatest common divisor of 92 and r.
4
Suppose -324 + 51 = -3*d. Let v(g) = -2*g + 17. Let r be v(4). Suppose -65 = 4*q - r*q. Calculate the greatest common divisor of d and q.
13
Suppose 19 + 121 = 20*f. Let h = 0 - -2. Let k be (7/h)/(3/6). Calculate the highest common factor of f and k.
7
Suppose -24*q + 15*q = -27. Suppose q*y - 10 - 26 = 0. What is the greatest common divisor of y and 78?
6
Let j = -216 - -238. Calculate the highest common divisor of j and 154.
22
Let y(c) be the second derivative of c**4/4 + c**3/3 - 3*c**2/2 - 27*c. Suppose 0*a = a + 4. Let p be y(a). What is the greatest common factor of p and 37?
37
Let s be (5/(-10))/((-2)/288*2). Calculate the highest common factor of s and 48.
12
Let g = -374 - -479. Let s = -82 - -152. Calculate the greatest common divisor of s and g.
35
Let p = -4 + 4. Let v be 0 - (-55 + p/2). Suppose -282 = -3*l + 4*g, -l - 3*g + v = -26. Calculate the highest common divisor of l and 10.
10
Let l = 24 + 0. Suppose 5*a - 4 + l = 0, -2*k + 10 = -a. Let c be (k/(-4))/(5/(-400)). Calculate the highest common divisor of c and 15.
15
Let z = -7 - -5. Let s = z - -19. Let q = s + -4. What is the greatest common factor of 143 and q?
13
Let w = -66 - -105. Let r = w + 29. Let x = 24 + -7. Calculate the highest common divisor of r and x.
17
Suppose -5*z + 2664 = -2*j + 742, -390 = -z - j. What is the greatest common factor of z and 2?
2
Let x(y) = 8*y - 135. Let a be x(21). What is the highest common factor of a and 3?
3
Let w(k) = 24*k - 2. Let c be w(-1). Let b = c + 98. Let p be (2/4)/((-1)/(-18)). What is the highest common factor of p and b?
9
Let y = 9 + 1. Let r be (-4)/(-6)*(-30)/(-2). Suppose 0*b + b = 2*o + 2, 5*b = 5*o + r. Calculate the highest common divisor of y and b.
2
Let z(a) = -a**2 + 16*a - 25. Let w be z(5). Let t = 51 - 36. Calculate the highest common factor of t and w.
15
Let s be 6/(-18) + 2/6. Suppose s = 4*r - 88 - 48. Calculate the highest common factor of r and 306.
34
Suppose -5 = -y - y - 3*b, 3*y - b - 35 = 0. Calculate the greatest common divisor of 590 and y.
10
Let d(c) = 3*c - c**2 - 4 + 0*c**2 + 0*c**2 - 11*c. Let y be d(-8). Let f = y - -7. Calculate the greatest common divisor of f and 21.
3
Let f = 20 - 36. Let b be f/72 + (-1012)/(-18). Let y = 38 + -24. Calculate the highest common divisor of y and b.
14
Let u = -1 + 2. Let h = u - -17. What is the highest common factor of 9 and h?
9
Let g = -36 + 41. Suppose -j - 3*y + 27 = j, -g*j + 50 = 4*y. Calculate the highest common divisor of 24 and j.
6
Let d be (-64)/(-36) + 2/9. Let t = 16 + d. Suppose 0 - t = -3*l. What is the greatest common divisor of 12 and l?
6
Let r be (1 - 2)*(-1 - 2). Let a = -14 + 29. Suppose r*t - a = 0, 4*n + 2*t - 7*t - 391 = 0. Calculate the greatest common divisor of n and 13.
13
Let q be 4*(-2)/(-36) + (-6752)/(-72). Calculate the highest common factor of 94 and q.
94
Let n be (3 - 2)*(5 + -7). Let a = n + 1. Let u be (-3)/6*(a - 13). Calculate the greatest common divisor of 1 and u.
1
Let g be (-1)/4 - (1800/(-32) + 6). What is the greatest common factor of g and 40?
10
Let c(b) = -b**3 - 6*b**2 - b - 2. Let t be c(-6). Suppose 2*a + 22 = t*a. Let w = 0 + 44. What is the highest common divisor of a and w?
11
Let h(u) be the second derivative of -2*u**3/3 - 15*u**2/2 - 10*u. Let k be h(-6). What is the greatest common divisor of k and 45?
9
Suppose 3*h + 17 = q, 0 = -q + 2*q + h + 3. Let u be (-1 + q)*3 + (-12 - -14). What is the greatest common divisor of u and 55?
5
Suppose -500 = -3*c - 2*v + 3, c - 149 = 4*v. Calculate the greatest common factor of c and 110.
55
Let t(j) = -4*j**2 + 5*j - 7. Let o be t(3). Let q = o - -38. What is the greatest common factor of q and 80?
10
Let g be -3*59*(9 + 84/(-9)). Calculate the greatest common divisor of g and 472.
59
Let u(h) = -h**3 + 8*h**2 + 33*h + 13. Let w be u(10). Calculate the greatest common factor of w and 260.
13
Suppose 3*x - 235 = -2*w, 0*x + 5*w + 125 = 2*x. Calculate the greatest common divisor of x and 45.
15
Let u(n) = -21*n - 31. Let f be u(-7). Let k = f + -68. What is the highest common divisor of k and 3?
3
Let o = -1045 - -1065. Calculate the highest common divisor of o and 90.
10
Suppose 0 = 4*y - 4 - 24. Suppose -39*r = -7*r - 1792. Calculate the greatest common factor of y and r.
7
Let s = 262 - 259. What is the highest common factor of 9 and s?
3
Let s(g) = 2*g**3 - 64*g**2 + 12*g - 370. Let k be s(32). Let v = -37 - -93. Calculate the highest common divisor of k and v.
14
Let l = 15 + 3. Let v = -119 - -198. Suppose -f = 3*s - 352 + v, 2*s = 3*f + 171. What is the greatest common divisor of l and s?
18
Let m(h) = -4*h**3 + 4*h**2 - h + 4. Suppose 3*q - 12 = -q. Let d be m(q). Let w = 29 - d. What is the highest common divisor of w and 25?
25
Let w = -1999 - -2267. What is the highest common factor of 1273 and w?
67
Let k = 32 - 18. Suppose 3*t + 3*v = 15, 6*t - 43 = t + 4*v. Suppose 37 = t*z - 257. Calculate the highest common divisor of k and z.
14
Let g = 148 - 73. What is the highest common factor of 15 and g?
15
Let h(d) = d**2 + 5*d - 9. Suppose 3*j = -4*k + k + 9, -2*j - 10 = 0. Let x be h(k). Calculate the highest common divisor of 19 and x.
19
Suppose -3*j = -6, 11*j - 15*j = 4*y - 360. Let a be (1 - 6)*12/10. Let v be 3/1 - (-14 - a). What is the greatest common factor of y and v?
11
Let p be (-350)/(-6)*(-504)/(-210). What is the greatest common divisor of 7 and p?
7
Let y be 5/3*(-60)/(-25). Suppose -y*s - f - 179 = -5*s, -916 = -5*s - 2*f. What is the highest common factor of s and 26?
26
Suppose i = -3*g + 1216, 792 = 2*g + 291*i - 295*i. Calculate the highest common divisor of g and 4.
4
Let k(w) = 2*w**2 + w**3 - 2*w**2 + 49 - 29. Let l be 1/3*(5 + -5). Let t be k(l). Calculate the greatest common factor of t and 5.
5
Let a(c) = 4*c + 3. Let u(q) = 13*q + 8. Let f(x) = -7*a(x) + 2*u(x). Let t be f(-5). Calculate the highest common factor of 25 and t.
5
Suppose -4*b = -6*b + 28. Suppose 2*i + b = -x - 18, 0 = -2*i - 4. Let s = x + 42. Calculate the highest common divisor of s and 35.
7
Let w be 6*(1 + 668/8). Let j be w/27 + (-4)/(-18). Suppose 3*y - 14 = j. What is the greatest common factor of y and 99?
11
Suppose -5*d = -137 - 278. Suppose 26 = 5*t - p - 124, -2*t = -5*p - d. What is the highest common divisor of 145 and t?
29
Let j be 9/(45/10) + 5*5. Suppose 2*i = -2*i + 56. Suppose 0*f = 3*f + 4*k - 35, 2*f - 2*k = i. What is the highest common divisor of j and f?
9
Let t(i) = i + 49. Let y be t(-9). Calculate the highest common factor of 40 and y.
40
Let n(i) = i**3 + 16*i**2 - 17*i + 2. Let v be n(-17). Let t(g) = 14*g - 8. Let l be t(v). What is the highest common factor of l and 4?
4
Let q = -22 - -29. What is the greatest common factor of 56 and q?
7
Let l be 8/14 - (-554)/(-14). Let x = -22 - l. What is the highest common factor of x and 153?
17
Suppose c + 127 = 5*v, -2*v + 4*c = -62 + 4. Let i(u) = 3*u - 2. Let j be i(4). What is the highest common divisor of j and v?
5
Let l = -41 - -20. Let i = l + 31. What is the greatest common divisor of 65 and i?
5
Suppose u - 4*v + 8 - 3 = 0, 3*v = -3*u. Let f be 11 + 0 + u + 3. What is the highest common divisor of f and 117?
13
Let u be 14 - (3/3 - 2). Suppose -u = 11*c - 6*c. Let j be 0 - 1/(c/132). Calculate the highest common divisor of j and 4.
4
Suppose 4*i = -4*j + 368, i + 3*i - 354 = 3*j. Calculate the highest common factor of 135 and i.
45
Let t(v) = -4*v**2 - 11*v - 4. Let p be t(-4). Let r be (12/(-10))/(p/400). Suppose 8*n - 4*n = r. What is the highest common factor of 20 and n?
5
Let i(k) = -4*k - 11. Let u be (3 - (3 + (-8)/(-4)))*3. Let w be i(u). Suppose -3*y + 358 = 4*n, 0 - 8 = 4*y. Calculate the highest common divisor of w and n.
13
Suppose 59 = b - 6.